the highest common divisor of 8 and l?
4
Suppose 2*q = 4*a + 148, -54 + 1 = -q - 5*a. Calculate the greatest common factor of q and 544.
68
Suppose -3110*c - 136 = -3112*c. Calculate the greatest common divisor of c and 9792.
68
Suppose -2*h + 7*h = -6*h. Suppose h = -13*b + 26*b - 1755. Calculate the highest common factor of b and 54.
27
Let z be 73 + (9/3)/(-3). Let r be (z - 28)*3/2. What is the greatest common divisor of r and 187?
11
Suppose 125 + 172 = 99*a. What is the highest common factor of a and 201?
3
Let j be (8 - (-187)/(-22))/((-2)/320). Calculate the greatest common divisor of 6600 and j.
40
Let i(t) = 18*t**2 - 28*t + 1. Let o be i(4). Let q = 198 - o. Calculate the greatest common factor of 77 and q.
7
Let q = -9993 + 24315. Calculate the greatest common divisor of q and 341.
341
Suppose 212*q - 24318 = 45*q - 219*q. What is the highest common factor of 14280 and q?
21
Suppose -1083 - 4245 = -74*x. Let p = -64 + 108. Let u = 164 - p. What is the highest common divisor of x and u?
24
Let d(u) = -2*u**2 - 78*u + 117. Let i be d(-39). Calculate the greatest common factor of i and 65.
13
Suppose 330 = -319*j + 330*j. Calculate the highest common divisor of j and 654.
6
Let d = -779 + 1143. Calculate the highest common divisor of 560 and d.
28
Let w = -31 - -737. Let u = w + -705. Calculate the highest common divisor of u and 47.
1
Let j(l) = l**3 + 12*l**2 - 36*l - 19. Let d be j(-14). Suppose 12 - d = -9*m. What is the highest common divisor of m and 9?
9
Let a(f) = -13*f + 11. Let x(k) = 25 - 17 - 19 + 13*k. Let v(g) = 6*a(g) + 5*x(g). Let q be v(-4). What is the highest common factor of 7 and q?
7
Suppose -q = 2*n + 6, 4*n - 62 = -3*q - 76. Let m be (-117*(-26)/351)/(n/(-6)). What is the highest common divisor of 169 and m?
13
Suppose -w + 12 = 2*m, 0*w = -w + 2*m + 8. Suppose h - w - 9 = 0. Let n = 64 - h. Calculate the highest common divisor of n and 9.
9
Let f = -372 - -393. Let d = -17 + 10. Let q = f - d. Calculate the greatest common factor of 4 and q.
4
Let u(t) = 8*t - 2 - 2*t**3 - t + 7 + t**2 - 6*t. Let k be u(-3). Suppose 156 + 234 = 15*m. Calculate the greatest common divisor of m and k.
13
Suppose 5*b - 2*a = 784, 5*a = -2*b + 382 - 80. What is the highest common divisor of 1456 and b?
52
Let y be -18 + -6*368/(-48). Calculate the highest common divisor of y and 238.
14
Let i(h) = -2*h**2 + 36*h - 110. Let l be i(9). What is the greatest common factor of l and 338?
26
Let i(y) = 1 + 7 + 3*y - 3 - 8. Let q be (-325)/(-26) + (-1)/(-2). Let z be i(q). What is the greatest common factor of 24 and z?
12
Let r = -5087 - -5142. What is the greatest common divisor of 176 and r?
11
Let z = 44 + -42. Suppose -q + 2*o - 7 = -23, 0 = z*q + o - 7. Suppose -p + 20 = d, 0 = -2*d + q*d. Calculate the greatest common factor of 5 and p.
5
Suppose 265*b - 97202 - 86830 = -23*b. Calculate the greatest common factor of 1846 and b.
71
Let x = -2882 + 2896. Calculate the greatest common factor of x and 896.
14
Suppose -5*n + 12114 - 4624 = s, 0 = -4*s - 7*n + 30038. Calculate the highest common divisor of 64 and s.
32
Suppose 4*o - 6*s - 51274 = 0, 3*o - s - 6363 = 32075. Calculate the highest common divisor of o and 23.
23
Suppose -6*k + 190 = 2*q, -5*k - 32*q = -33*q - 145. Calculate the greatest common factor of 2418 and k.
6
Suppose 8*i - 8 = 24. Suppose -6*a - i*a - 80 = 0. Let z(y) = -y**3 - 9*y**2 - 10*y - 12. Let m be z(a). What is the greatest common factor of m and 10?
2
Let p(w) = 5*w - 6. Let n be p(4). Let f(m) = -11*m + 563. Let y be f(41). What is the greatest common factor of n and y?
14
Suppose v + r + 31425 = 84149, 4*v - r = 210876. Calculate the greatest common factor of v and 80.
80
Suppose 11*r - 10*r - 22 = 3*s, -r - 2 = 3*s. What is the highest common factor of 830 and r?
10
Let s(m) = -5*m - 1. Let y be s(-7). Let z = -33 - y. Let o = -59 - z. What is the highest common divisor of o and 40?
8
Suppose -4*k - 3*m = -3990, k + 4*k - 4993 = -m. What is the highest common divisor of 81 and k?
27
Let w(r) = -3*r**2 + 350*r + 3160. Let n be w(125). Suppose -5*c = x - 19 - 11, -x - 4*c = -25. Calculate the highest common divisor of x and n.
5
Let p(c) = 3*c - 9. Let b be p(16). Let v be (-2)/(-4)*4 + (20 - -4). Calculate the greatest common factor of v and b.
13
Suppose -306 - 30 = 14*m. Let q = m - -38. Suppose -2*x + 4*p = -q, 3*p - p = 10. Calculate the greatest common factor of x and 136.
17
Suppose -4*w + 400 + 1095 = -3*v, 5*w = -v + 1883. Suppose -w*l + 108 = -367*l. What is the highest common factor of l and 150?
6
Let d be 130 + -83 - ((-8)/4 - -4). Calculate the greatest common divisor of 21555 and d.
45
Let r(m) = 3*m - 3. Let j be r(2). Suppose -j*i + 3 = -0. Let c be -10*(-7)/8 - (-72)/(-96). What is the greatest common factor of i and c?
1
Suppose 163*y - 138*y = 2675. What is the highest common divisor of y and 9737?
107
Suppose -14 = -p + 6. Suppose 0 = -3*j + 3*h + 156, j = 3*j - 4*h - 108. Let v = 70 + j. Calculate the greatest common factor of v and p.
20
Suppose -y = 23*y + 48. Let q be ((-128)/24)/(((-12)/(-9))/y). Suppose -2*t = d - 13 - 22, -2*t = 5*d - 15. What is the greatest common divisor of q and t?
4
Suppose 0 = -17*h + 21*h - 80. Let m be (11/44)/((-1)/(-8)). Suppose 4*b - 3 = -p + 5, 0 = -5*p - m*b + 94. Calculate the highest common factor of p and h.
20
Let a(x) = 7*x**2 - 7*x - 134. Let j be a(-16). Calculate the highest common factor of j and 236.
118
Let x(j) = -6*j - 22. Let b be x(-10). Let g = b - 23. Suppose p - g = -4. What is the highest common factor of p and 11?
11
Let h = 187 - 123. Suppose 4*p - u = -3*u + h, 32 = 2*p + 4*u. Suppose -2395*k = -2379*k - 640. Calculate the greatest common divisor of p and k.
8
Let a = 11 + -5. Let i be (8/(-1))/((-1)/a). Let f be -64 + 62 - (-19 - -1). What is the greatest common divisor of f and i?
16
Suppose -42*l = -52*l + 260. Let i = -1 + 3. Suppose 12 = -i*s + 38. What is the highest common factor of s and l?
13
Suppose 0 = 2*d + 6, 74*d + 51 = 2*b + 69*d. What is the greatest common factor of 1575 and b?
9
Let a be (70/(-20))/(2/(-4)). Suppose a*i = -1610 + 4277. Suppose -93 = 4*b - i. Calculate the highest common divisor of 9 and b.
9
Let p = 354 + -184. Let j be (-2842)/(-20) - 17/p. What is the highest common divisor of 355 and j?
71
Let s be (4030/(-140) - (-6)/21)*(4 - 136). Calculate the greatest common factor of s and 792.
198
Suppose 6*x = -2534 + 410. Let b = x + 664. Calculate the greatest common divisor of 10 and b.
10
Let u be (3432/99)/((-4)/42). Let f be u/(-49) - 6/14. What is the highest common factor of 28 and f?
7
Let u(k) = -k**2 - 21*k - 35. Suppose -115 = 5*d + 4*t, 5*d + 2*t + 98 = -7. Let b be u(d). What is the highest common factor of 93 and b?
3
Let v be 1/5 - 402/(-15). Suppose 0 = 3*s - v + 21. Let u be 632/52 + s/(-13). Calculate the highest common factor of u and 30.
6
Let r(j) = -j**3 - 35*j**2 - 38*j + 12. Let c be r(-34). Suppose -216 = -c*f + 142*f. What is the highest common divisor of f and 9?
9
Suppose -2*y - 1752 = -3*j, -96*j + 98*j - 1184 = 4*y. Calculate the highest common divisor of j and 203.
29
Let j be -2 + (9 - -1 - 4). Let f(q) = -q**2 + 4*q + 2. Let o be f(j). Suppose -18 = -4*x + o*x. Calculate the greatest common divisor of x and 72.
9
Suppose 0 = 40*d + 70*d - 440. What is the greatest common factor of d and 1244?
4
Let j(n) = -3*n**2 + 11*n + 13*n**2 + 0*n + 2*n**2 - 8*n + 4. Suppose -y + 1 = -2*y. Let v be j(y). Calculate the highest common factor of v and 65.
13
Let i = -10 + 13. Let z be 15/(-9)*(-9)/i. Suppose 0 = -z*p - 7 + 42. What is the greatest common divisor of p and 49?
7
Let g = -92 + 143. Let f = -5 + 0. Let q(l) = -9*l - 11. Let a be q(f). What is the highest common factor of a and g?
17
Let z be 10 + 1980 + 10/(-10). What is the greatest common factor of z and 51?
51
Let n = 11348 - 7956. Suppose -23*q + n = -15*q. What is the highest common divisor of q and 8?
8
Let n = -25491 + 27819. Calculate the greatest common divisor of 7275 and n.
291
Let t(l) be the first derivative of -3*l**4/4 - 8*l**3/3 - 7*l**2 + 10*l + 206. Let k be t(-5). Calculate the greatest common factor of k and 340.
85
Let d be ((-2)/(-10) - (-2244)/5) + -2. Suppose d*q - 420 = 444*q. What is the 